{"id":242,"date":"2018-05-16T16:00:41","date_gmt":"2018-05-16T14:00:41","guid":{"rendered":"http:\/\/www.kufstein-hilft.at\/?page_id=242"},"modified":"2024-04-05T00:01:28","modified_gmt":"2024-04-04T22:01:28","slug":"impressum","status":"publish","type":"page","link":"http:\/\/www.kufstein-hilft.at\/?page_id=242","title":{"rendered":"Impressum"},"content":{"rendered":"\n<p><span style=\"font-family: tahoma,arial,helvetica,sans-serif; font-size: 12pt;\"><strong>Verein Kufstein-hilf Impressum gem\u00e4\u00df \u00a7 24 Mediengesetz (MedG)<\/strong><\/span><\/p>\n\n\n\n<p><a rel=\"noopener noreferrer\" href=\"http:\/\/www.kufstein-hilft.at\/wp-content\/uploads\/2018\/05\/DSGVO_Kufstein-hilft.at_Informationspflicht.pdf\" target=\"_blank\"><strong><span style=\"font-size: 12pt;\">Datenschutzerkl\u00e4rung laut DSGVO<\/span><\/strong><\/a><\/p>\n\n\n\n<p><a href=\"http:\/\/www.kufstein-hilft.at\/wp-content\/uploads\/2024\/04\/Statuten-neu-2024.pdf\" data-type=\"URL\" data-id=\"http:\/\/www.kufstein-hilft.at\/wp-content\/uploads\/2018\/01\/2017-Verein-Statuten.pdf\"><strong>Statuten Verein Kufstein hilft<\/strong><\/a><\/p>\n\n\n\n<p><span style=\"font-family: tahoma,arial,helvetica,sans-serif; font-size: 12pt;\">Verantwortliche Redakteure und Webmaster f\u00fcr Planung, Realisierung und Betreuung der Internetinhalte sowie f\u00fcr die Administration der Domain www.kufstein-hilft.at sind:<\/span><\/p>\n\n\n\n<p><span style=\"font-family: tahoma,arial,helvetica,sans-serif; font-size: 12pt;\">Obfrau: Moser Christiane<\/span><\/p>\n\n\n\n<p><span style=\"font-family: tahoma,arial,helvetica,sans-serif; font-size: 12pt;\">Obfraustellvertreterin: Zimmer Carola<\/span><\/p>\n\n\n\n<p><span style=\"font-family: tahoma,arial,helvetica,sans-serif; font-size: 12pt;\">Schriftf\u00fchrerin: Leis Maria<\/span><\/p>\n\n\n\n<p><span style=\"font-family: tahoma,arial,helvetica,sans-serif; font-size: 12pt;\">Kassier: Felzmann Wolfgang &nbsp;<\/span><\/p>\n\n\n\n<p><span style=\"font-family: tahoma,arial,helvetica,sans-serif; font-size: 12pt;\">Offizielle Homepage des Vereins \u201eKufstein hilft\u201c&nbsp;ZVR-Zahl 232952360<\/span><\/p>\n\n\n\n<p><span style=\"font-family: tahoma,arial,helvetica,sans-serif; font-size: 12pt;\">Bei Fragen, Kritik oder Anregungen zu diesem Internetauftritt bitte an folgende Adresse eine E-Mail senden: <a href=\"mailto:kontakt@kufstein-hilft.at\">kontakt@kufstein-hilft.at<\/a>.<\/span><\/p>\n\n\n\n<p><span style=\"font-family: tahoma,arial,helvetica,sans-serif; font-size: 12pt;\">Haftungsausschluss<\/span><\/p>\n\n\n\n<p><span style=\"font-family: tahoma,arial,helvetica,sans-serif; font-size: 12pt;\">1. Inhalt des Onlineangebotes<\/span><\/p>\n\n\n\n<p><span style=\"font-family: tahoma,arial,helvetica,sans-serif; font-size: 12pt;\">Die AutorInnen \u00fcbernehmen keinerlei Gew\u00e4hr f\u00fcr Aktualit\u00e4t, Korrektheit, Vollst\u00e4ndigkeit oder Qualit\u00e4t der bereitgestellten Informationen. Haftungsanspr\u00fcche gegen die AutorInnen, die sich auf Sch\u00e4den materieller oder ideeller Art beziehen, welche durch die Nutzung oder Nichtnutzung der dargebotenen Informationen bzw. durch die Nutzung fehlerhafter und unvollst\u00e4ndiger Informationen verursacht wurden, sind grunds\u00e4tzlich ausgeschlossen, sofern seitens der AutorInnen kein nachweislich vors\u00e4tzliches oder grob fahrl\u00e4ssiges Verschulden vorliegt.<\/span><\/p>\n\n\n\n<p><span style=\"font-family: tahoma,arial,helvetica,sans-serif; font-size: 12pt;\">Alle Angebote sind freibleibend und unverbindlich. Die AutorInnen behalten es sich ausdr\u00fccklich vor, Teile der Seiten oder das gesamte Angebot ohne gesonderte Ank\u00fcndigung zu ver\u00e4ndern, zu erg\u00e4nzen, zu l\u00f6schen oder die Ver\u00f6ffentlichung zeitweise oder endg\u00fcltig einzustellen.<\/span><\/p>\n\n\n\n<p><span style=\"font-family: tahoma,arial,helvetica,sans-serif; font-size: 12pt;\">2. Verweise und Links<\/span><\/p>\n\n\n\n<p><span style=\"font-family: tahoma,arial,helvetica,sans-serif; font-size: 12pt;\">Sofern auf Verweisziele (&#8218;Links&#8216;) direkt oder indirekt verwiesen wird, die au\u00dferhalb des Verantwortungsbereiches der AutorInnen liegen, haften diese nur dann, wenn sie von den Inhalten Kenntnis haben und es ihnen technisch m\u00f6glich und zumutbar w\u00e4re, die Nutzung im Falle rechtswidriger Inhalte zu verhindern. F\u00fcr dar\u00fcber hinausgehende Inhalte und insbesondere f\u00fcr Sch\u00e4den, die aus der Nutzung oder Nichtnutzung solcherart dargebotener Informationen entstehen, haftet allein der Anbieter der Seite, auf welche verwiesen wurde, nicht derjenige, der \u00fcber Links auf die jeweilige Ver\u00f6ffentlichung lediglich verweist. Diese Einschr\u00e4nkung gilt gleicherma\u00dfen auch f\u00fcr Fremdeintr\u00e4ge in von den AutorInnen eingerichteten G\u00e4steb\u00fcchern, Diskussionsforen und Mailinglisten.<\/span><\/p>\n\n\n\n<p><span style=\"font-family: tahoma,arial,helvetica,sans-serif; font-size: 12pt;\">3. Urheberrecht \/ Copyright \/ (c) \/ \u00a9<\/span><\/p>\n\n\n\n<p><span style=\"font-family: tahoma,arial,helvetica,sans-serif; font-size: 12pt;\">Die AutorInnen sind bestrebt, in allen Publikationen die Urheberrechte der verwendeten Grafiken, Tondokumente, Videosequenzen und Texte zu beachten, von ihnen selbst erstellte Grafiken, Tondokumente, Videosequenzen und Texte zu nutzen oder auf lizenzfreie Grafiken, Tondokumente, Videosequenzen und Texte zur\u00fcckzugreifen.<\/span><\/p>\n\n\n\n<p><span style=\"font-family: tahoma,arial,helvetica,sans-serif; font-size: 12pt;\">Das Copyright \u00a9 f\u00fcr ver\u00f6ffentlichte, von den AutorInnen selbst erstellte Objekte bleibt allein bei den AutorInnen der Seiten.<\/span><\/p>\n\n\n\n<p><span style=\"font-family: tahoma,arial,helvetica,sans-serif; font-size: 12pt;\">4. Rechtswirksamkeit dieses Haftungsausschlusses<\/span><\/p>\n\n\n\n<p><span style=\"font-family: tahoma,arial,helvetica,sans-serif; font-size: 12pt;\">Dieser Haftungsausschluss ist als Teil des Internetangebotes zu betrachten, von dem aus auf diese Seite verwiesen wurde. Sofern Teile oder einzelne Formulierungen dieses Textes der geltenden Rechtslage nicht, nicht mehr oder nicht vollst\u00e4ndig entsprechen sollten, bleiben die \u00fcbrigen Teile des Dokumentes in ihrem Inhalt und ihrer G\u00fcltigkeit davon unber\u00fchrt.<\/span><\/p>\n","protected":false},"excerpt":{"rendered":"<p>Verein Kufstein-hilf Impressum gem\u00e4\u00df \u00a7 24 Mediengesetz (MedG) Datenschutzerkl\u00e4rung laut DSGVO Statuten Verein Kufstein hilft Verantwortliche Redakteure und Webmaster f\u00fcr<\/p>\n","protected":false},"author":4,"featured_media":0,"parent":0,"menu_order":0,"comment_status":"closed","ping_status":"closed","template":"","meta":{"footnotes":""},"jetpack_sharing_enabled":true,"_links":{"self":[{"href":"http:\/\/www.kufstein-hilft.at\/index.php?rest_route=\/wp\/v2\/pages\/242"}],"collection":[{"href":"http:\/\/www.kufstein-hilft.at\/index.php?rest_route=\/wp\/v2\/pages"}],"about":[{"href":"http:\/\/www.kufstein-hilft.at\/index.php?rest_route=\/wp\/v2\/types\/page"}],"author":[{"embeddable":true,"href":"http:\/\/www.kufstein-hilft.at\/index.php?rest_route=\/wp\/v2\/users\/4"}],"replies":[{"embeddable":true,"href":"http:\/\/www.kufstein-hilft.at\/index.php?rest_route=%2Fwp%2Fv2%2Fcomments&post=242"}],"version-history":[{"count":14,"href":"http:\/\/www.kufstein-hilft.at\/index.php?rest_route=\/wp\/v2\/pages\/242\/revisions"}],"predecessor-version":[{"id":1450,"href":"http:\/\/www.kufstein-hilft.at\/index.php?rest_route=\/wp\/v2\/pages\/242\/revisions\/1450"}],"wp:attachment":[{"href":"http:\/\/www.kufstein-hilft.at\/index.php?rest_route=%2Fwp%2Fv2%2Fmedia&parent=242"}],"curies":[{"name":"wp","href":"https:\/\/api.w.org\/{rel}","templated":true}]}}